s -8015 (base 10) in base 4?
-1331033
-110001001 (base 2) to base 13
-243
-23114 (base 5) to base 8
-3173
-452 (base 7) to base 8
-351
Convert -331 (base 5) to base 6.
-231
-120 (base 6) to base 16
-30
477 (base 12) to base 8
1233
Convert 3113 (base 6) to base 11.
580
-30303 (base 4) to base 15
-399
What is -111002012 (base 3) in base 11?
-718a
Convert 11517 (base 9) to base 7.
31324
-1031 (base 8) to base 14
-2a5
Convert 941 (base 10) to base 13.
575
What is -13434 (base 5) in base 12?
-793
Convert 1010001000 (base 2) to base 10.
648
What is 17b3a (base 14) in base 2?
1110100110111000
651 (base 11) to base 15
372
59 (base 14) to base 5
304
Convert 21220 (base 6) to base 4.
231030
What is -3804 (base 12) in base 13?
-2b69
What is -4884 (base 10) in base 11?
-3740
What is 3001 (base 5) in base 9?
457
-1653 (base 10) to base 7
-4551
-333120 (base 4) to base 2
-111111011000
-12731 (base 15) to base 14
-17700
Convert -894 (base 11) to base 2.
-10000101111
Convert -10b2 (base 12) to base 9.
-2488
111011110 (base 2) to base 10
478
-22303 (base 4) to base 14
-375
110221 (base 3) to base 14
1ad
3047 (base 8) to base 6
11143
34414 (base 6) to base 10
4906
424 (base 15) to base 7
2503
Convert 702 (base 9) to base 8.
1071
-439d (base 16) to base 12
-a025
165 (base 16) to base 2
101100101
3323 (base 8) to base 10
1747
-231422 (base 6) to base 8
-46546
414 (base 12) to base 13
367
2321 (base 8) to base 5
14413
Convert -2388 (base 10) to base 2.
-100101010100
-67c8 (base 14) to base 2
-100011001011100
Convert -102222002 (base 3) to base 4.
-2020103
What is -8279 (base 11) in base 16?
-2ae0
Convert -665 (base 13) to base 16.
-449
What is -7208 (base 10) in base 7?
-30005
Convert 101120 (base 3) to base 10.
285
What is 401 (base 15) in base 8?
1605
What is -3704 (base 10) in base 2?
-111001111000
Convert -10224 (base 9) to base 7.
-25444
Convert 12413 (base 5) to base 16.
3d7
Convert 63b5 (base 13) to base 6.
144021
a2a (base 12) to base 5
21344
What is -3130 (base 6) in base 7?
-2022
What is -12121 (base 4) in base 7?
-1123
Convert 16d0 (base 15) to base 13.
2316
Convert -9738 (base 15) to base 3.
-1121220022
51b5 (base 16) to base 7
114661
Convert 7070 (base 13) to base 10.
15470
Convert 26856 (base 12) to base 5.
3144213
Convert 6523 (base 13) to base 16.
36e8
What is -3a8 (base 11) in base 13?
-2b0
What is 28251 (base 10) in base 4?
12321123
Convert -24b2a (base 12) to base 5.
-3100002
Convert 1525 (base 15) to base 11.
3453
Convert 323 (base 15) to base 6.
3140
What is 4418 (base 11) in base 6?
42551
What is 2400 (base 10) in base 12?
1480
What is 3403 (base 14) in base 4?
2030323
What is 12202020 (base 3) in base 8?
10137
-284 (base 16) to base 13
-3a7
Convert -1001011001 (base 2) to base 6.
-2441
What is 1110110110001010 (base 2) in base 9?
102366
What is -217b (base 12) in base 11?
-285a
What is -2623 (base 7) in base 4?
-33211
-28520 (base 10) to base 15
-86b5
What is 10111000 (base 2) in base 9?
224
What is 13220302 (base 4) in base 15?
9407
47b9 (base 12) to base 7
32334
2112020 (base 3) to base 13
ab9
1000000002 (base 3) to base 5
1112220
Convert 48a (base 14) to base 3.
1020120
What is 12266 (base 9) in base 6?
102053
102000 (base 4) to base 7
3234
What is -2202123 (base 4) in base 10?
-10395
What is -111233 (base 4) in base 2?
-10101101111
Convert 1491 (base 10) to base 13.
8a9
What is -13ab (base 16) in base 9?
-6814
Convert 5263 (base 14) to base 16.
3777
-516 (base 10) to base 16
-204
What is 200202 (base 3) in base 15?
23b
What is 33c (base 13) in base 9?
680
Convert 26021 (base 7) to base 5.
210000
What is 212223 (base 4) in base 9?
3350
Convert 250564 (base 7) to base 5.
2432120
65231 (base 9) to base 2
1010100011000001
Convert 134224 (base 5) to base 4.
1112330
Convert 2830 (base 14) to base 15.
2183
-1054 (base 6) to base 10
-250
-716c (base 14) to base 2
-100110000101100
What is -110032 (base 4) in base 7?
-3526
-10b17 (base 13) to base 16
-76e8
124300 (base 5) to base 6
34530
What is -9676 (base 16) in base 11?
-26a37
What is 950 (base 12) in base 9?
1766
-25652 (base 7) to base 2
-1101011000000
427 (base 16) to base 6
4531
What is 11011110000000 (base 2) in base 11?
a747
312 (base 12) to base 16
1be
What is -12265 (base 7) in base 11?
-2479
Convert -561 (base 8) to base 6.
-1413
What is -1110122 (base 3) in base 5?
-13240
1000000000110 (base 2) to base 7
14650
Convert 1ae (base 15) to base 16.
185
What is 201000 (base 3) in base 2?
1000000001
What is -1a54 (base 14) in base 5?
-123103
-862 (base 14) to base 16
-676
Convert 245 (base 8) to base 3.
20010
-1010000 (base 2) to base 9
-88
What is -2121020 (base 3) in base 8?
-3550
-41b6 (base 12) to base 10
-7194
Convert -2002 (base 3) to base 10.
-56
Convert 5514 (base 8) to base 14.
10a8
What is -13002 (base 4) in base 6?
-2030
What is -33a (base 13) in base 4?
-20230
Convert 94a0 (base 13) to base 16.
5063
Convert 21307 (base 8) to base 7.
34646
What is a58 (base 12) in base 4?
113210
What is 1c7 (base 13) in base 5?
2312
-2322323 (base 4) to base 12
-6b0b
What is -7175 (base 12) in base 2?
-11000000101001
What is -2322 (base 4) in base 3?
-20220
-9a2 (base 12) to base 7
-4064
Convert 5215 (base 6) to base 8.
2213
What is 126b (base 12) in base 13?
c56
-13132 (base 4) to base 3
-122201
Convert 513 (base 15) to base 6.
5143
What is 19300 (base 13) in base 4?
23323021
What is -100230 (base 4) in base 3?
-1110120
What is 10233 (base 6) in base 16?
56d
Convert 1325 (base 14) to base 8.
6445
Convert -3414 (base 5) to base 2.
-111100100
4340 (base 9) to base 10
3195
52154 (base 6) to base 5
210412
377a (base 13) to base 14
2c27
Convert 1819 (base 12) to base 13.
1422
5431 (base 15) to base 13
815b
Convert 5a11 (base 14) to base 10.
15695
-1121312 (base 4) to base 8
-13166
-17445 (base 13) to base 3
-2021021120
What is -1002 (base 9) in base 6?
-3215
Convert 100101111110111 (base 2) to base 9.
28607
-330220 (base 5) to base 4
-2300232
24c8 (base 15) to base 8
17236
Convert 2036 (base 7) to base 4.
23021
What is -21221 (base 3) in base 5?
-1324
What is -11420 (base 8) in base 2?
-1001100010000
-10173 (base 14) to base 7
-220603
Convert -2749 (base 14) to base 10.
-6925
What is 443021 (base 6) in base 10?
36949
304 (base 11) to base 13
223
Convert 166 (base 16) to base 11.
2a6
What is -100001001000111 (base 2) in base 5?
-1020332
Convert -b28 (base 15) to base 13.
-11b4
756 (base 9) to base 15
2b3
-200371 (base 8) to base 3
-10100020111
11313 (base 4) to base 13
22b
10000001000111 (base 2) to base 3
102100001
Convert -5173 (base 9) to base 4.
-323100
What is -220122 (base 4) in base 7?
-10353
What is 1110111011000111 (base 2) in base 3?
10002211222
What is 135 (base 15) in base 4?
10103
-23756 (base 9) to base 16
-3e37
Convert -208 (base 14) to base 4.
-12100
-77 (base 9) to base 15
-4a
What is 334230 (base 5) in base 15?
377a
Convert -3952 (base 14) to base 13.
-4776
What is 20110221 (base 3) in base 11?
3604
What is 11111010110 (base 2) in base 16?
7d6
Convert 163645 (base 7) to base 8.
77471
33562 (base 7) to base 13
3b56
978 (base 12) to base 16
56c
Convert 51251 (base 10) to base 6.
1033135
Convert 12385 (base 9) to base 15.
270e
Convert -2717 (base 12) to base 15.
-14dd
Convert -2922 (base 10) to base 3.
-11000020
Convert 151 (base 6) to base 12.
57
-939 (base 15) to base 10
-2079
Convert -59 (base 12) to base 14.
-4d
Convert 112 (base 16) to base 6.
1134
Convert -1001110111110 (base 2) to base 4.
-1032332
What is 90 (base 14) in base 5?
1001
Convert -141 (base 5) to base 12.
-3a
Convert 12417 (base 8) to base 10.
5391
Convert 10733 (base 10) to base 5.
320413
-429c (base 16) to base 11
-118a2
What is -2121 (base 3) in base 4?
-1012
Convert 1010101000 (base 2) to base 16.
2a8
What is 141 (base 9) in base 11?
a8
What is -456 (base 11) in base 12?
-395
Convert 12024 (base 8) to base 9.
7041
What is -136b (base 13) in base 9?
-3743
Convert 2d2b (base 14) to base 12.
480b
Convert -3a (base 16) to base 6.
-134
1010001 (base 2) to base 16
51
Convert 1002111222 (base 3) to base 10.
21518
Convert -1020021 (base 3) to base 12.
-62a
What is -7610 (base 16) in base 2?
-111011000010000
511 (base 6) to base 5
1222
Convert -58c (base 15) to base 9.
-1646
Convert 24011 (base 6) to base 3.
11202021
-